 of -r**6/120 + r**5/60 - 7*r**4/24 + 29*r**3/6 + 11*r**2. Is q(-16) a prime number?
True
Let p(g) = -3*g**2 - 24*g + 5. Let f be p(-8). Suppose -25 + 10 = 3*v, 683 = 4*q + f*v. Is q composite?
True
Suppose 9 = v + 2*v. Suppose 1 = -v*k + 7, -5*g - 3*k = -6. Suppose g = -5*y + 1434 - 179. Is y composite?
False
Suppose -2*v + 7*v = -p + 10, -5*v = 5*p - 10. Suppose -4*w - 4*z = -468, 4*z - v*z = -4*w + 470. Is w a prime number?
False
Let d(n) = 7*n**3 + 4*n**2 - 5*n + 3. Let w be (2/3)/(2/(-18)). Let i = w - -9. Is d(i) a prime number?
False
Let c(l) = 173*l**2 - 20*l - 1. Is c(12) prime?
True
Suppose -4*f - 6*x + x = -64376, f = 5*x + 16119. Is f a composite number?
True
Let p be 2/(-5) + (-297)/(-55). Suppose 2*t - 4*t + 89 = 3*q, p = q. Is t a prime number?
True
Suppose -2*v - 5*s = 2*v - 12754, s + 2 = 0. Is v a prime number?
True
Suppose -21*a - 28161 = -182490. Is a a prime number?
True
Suppose 3*w + 1 = 3*t + 2*t, 5*t - 2*w - 4 = 0. Suppose -t*h + 716 = 5*m - 177, 2*m + 2*h = 362. Is m composite?
True
Let p(a) = -a**3 + 69*a**2 - 57*a + 90. Is p(68) a composite number?
True
Suppose 2*z + 0*z - 34 = 0. Let d = z + -24. Let l(k) = -3*k**3 - 2*k**2 - 6*k - 6. Is l(d) prime?
True
Suppose -11*z - 3*z = -3094. Is z prime?
False
Let r(p) = -2*p - 8. Suppose 2*j + 8 = -2*t, 5*t = 4*j + 1 + 33. Let y be r(j). Suppose y*d - 562 - 10 = 0. Is d a composite number?
True
Suppose 0*n = -4*l + n + 7043, 3*l = 2*n + 5276. Is l a composite number?
True
Suppose 7*f - 1137 = 4*f. Let g = f - -64. Is g composite?
False
Let n(y) = -y**3 + 7*y**2 + 3*y - 8. Let l be n(7). Let g = 34 + l. Suppose r - 24 = g. Is r prime?
True
Suppose -3*j + 2 = -2*f, -5*f + 10 = -0. Is 53 + -1 + (-6)/(0 + j) composite?
True
Suppose -5*h = -3834 - 6236. Suppose -4*c + 2512 = 5*n, -2*n - h = -6*n - c. Suppose -n = -4*v + 4*f, 0*v - 4*f = -2*v + 258. Is v composite?
True
Let k(p) = -p**3 - 5*p**2 + p + 3. Let v be k(-5). Is (-21 - -22)*(890 + 2/v) a prime number?
False
Suppose -4*m + 4*f + 9304 = 0, 3*f = -0*m + 2*m - 4657. Is m composite?
True
Let r(z) = 272*z + 57. Is r(14) a composite number?
True
Let q = -50 - -61. Suppose -q*a + 3759 = -8*a. Is a composite?
True
Let c(y) = 2726*y - 9. Let s be c(2). Let z = s - 3174. Is z a prime number?
True
Let q = -191 - 23. Let y be ((-3)/1)/(2/q). Is -4*(-3 + y/(-6)) composite?
True
Let t(m) be the first derivative of 7*m**3/3 + 11*m**2/2 - m - 1. Let d be t(8). Suppose 0 = -5*v + d + 30. Is v a composite number?
False
Suppose -20 = 4*c, 72 = 5*s - 3*c - 188. Suppose -s - 195 = -4*g. Let h = g - 24. Is h a prime number?
True
Is ((-45802)/(-4))/(4/(-64)*-8) a prime number?
True
Let v(w) = w**2 - 26*w + 50. Is v(-23) a prime number?
False
Suppose -4*r + 16700 = 4*v + r, 16 = -4*r. Suppose o = 4*k - 3583 - 2013, 3*k - v = 5*o. Let a = k - 477. Is a a prime number?
False
Let z be (0 + 2)/((-12)/(-18)). Suppose z*o - 559 = 74. Is o a prime number?
True
Let g = 6540 - 11168. Let m be (-1)/(-2) - (-17)/(-2). Is ((-2)/m)/((-13)/g) prime?
True
Suppose -6*w - 10 - 8 = 0. Is w - (3 + -6) - -111 a prime number?
False
Let n = 6 - 4. Suppose a + 6 = 5*j, -4*a = -0*a - 5*j - 6. Suppose 118 = a*b - n*b. Is b composite?
False
Suppose -17*x - 1823076 = -53*x. Is x prime?
False
Let n(c) = -32*c - 7. Is n(-12) prime?
False
Suppose 3*k + 19 = 13. Let b be (0 + k)/((-4)/(-32)). Is (b + 2)*7/(-2) prime?
False
Let h(j) be the first derivative of -3*j**4/4 - j**3 - j**2/2 - 5*j - 6. Is h(-6) composite?
False
Let v(f) = 82*f - 23. Is v(4) composite?
True
Suppose 0 = 12*y - 11*y + 16. Let v = 571 - y. Is v prime?
True
Let x(o) = -o**3 + 6*o**2 + o - 3. Suppose -5*q + 24 + 6 = 0. Let v be x(q). Is ((-1516)/12)/(-1)*v composite?
False
Suppose -5*y - 10 = -3*q, 4 = 4*q - 3*y - 13. Suppose -752 = -q*z + 583. Is z prime?
False
Let a be 4/6*-1*(-7788 - -6). Let y = a - 2453. Is y prime?
False
Is (-2)/(14/(-35)) - -2222 composite?
True
Let o be -1 + 36/44 + 46/11. Is ((-2)/o)/(((-36)/27112)/9) a prime number?
True
Suppose 70*s + 778 = 72*s. Is s composite?
False
Let n(o) = -o - 2. Let q be n(-7). Let i(m) = -14*m + 34*m + 8 + q. Is i(6) a composite number?
True
Suppose 3*k + 2*k + 5 = -5*a, 2*a - 26 = 5*k. Suppose -5*c + 17 = -a. Suppose 3*v - 2*l = c*v - 9, -5*v = 3*l - 59. Is v a prime number?
True
Suppose 0*b = -2*y - b + 41, 4*y = -3*b + 87. Is (-3)/y + -1*(-3765)/18 a composite number?
True
Let l be ((-2)/(-3))/(3/12528). Suppose v = -2*n + 6801, -l + 16390 = 2*v + 2*n. Suppose -24*i - v = -29*i. Is i a composite number?
False
Let f(s) = s + 13. Let i be f(-11). Let p be ((-4)/8)/(i/(-16)). Suppose -4*y + 286 = p*t - 2, -52 = -y - 5*t. Is y a prime number?
False
Let w(l) = -30*l - 26. Let n be w(11). Let p = 171 - n. Is p prime?
False
Let p(s) = 15*s**3 - 9*s**2 - 10*s. Let m(v) = 14*v**3 - 8*v**2 - 9*v - 1. Let h(z) = -6*m(z) + 5*p(z). Is h(-2) prime?
False
Let y = 272 - 51. Let l = -106 + y. Is l prime?
False
Let i = 12 - -403. Let f = i - 24. Is f prime?
False
Let s(z) = 14*z**2 + z. Suppose 2*p - 8 - 12 = 0. Let i = p - 11. Is s(i) prime?
True
Let x(c) = 3015*c + 4. Let h(y) = -4*y + 33. Let a be h(8). Is x(a) a prime number?
True
Let w(u) be the third derivative of 0 + 0*u - u**2 - 5/3*u**3 - 17/24*u**4. Is w(-4) a composite number?
True
Let i(r) = 127*r - 140. Is i(13) prime?
True
Suppose -56*a = -6*a - 394850. Is a a prime number?
False
Let b = -3585 - -10608. Let x = b + -3988. Is x a composite number?
True
Suppose 18*z - 19480 = 51494. Is z composite?
False
Let a = -26910 + 41923. Is a composite?
False
Suppose -228 - 327 = -5*p + b, -2*p + 234 = 2*b. Suppose 2*j + 2 = p. Is j a prime number?
False
Suppose 3*w = 1114 - 370. Is 2 - (-3 - w/4) a composite number?
False
Suppose -9 = -2*v + a, 7 = v - 0*v - 3*a. Suppose 5*k = v*k - 5. Is 1494/(-45)*k/2 prime?
True
Suppose -3*i + 26544 = -m, -2*i - 4*m = 1047 - 18757. Is i a prime number?
True
Let w be (6/(-15))/(18/10 - 2). Suppose 0 = 5*n + 2*x - 1263, -24 = w*n + x - 530. Is n a composite number?
False
Suppose 0 = 2*f + 4*h - 118018, 0 = -2*f - 5*h + 117645 + 373. Is f a prime number?
True
Let s(z) = -2*z**2 - 220*z - 41. Is s(-39) a composite number?
True
Let x = -4817 + 9804. Is x a composite number?
False
Let d(y) = 17*y + 25 - 21*y + 15*y + 6*y. Is d(6) composite?
False
Let k be 12*(2 + -4)/4. Is 14/(-21) - 2878/k composite?
False
Is 758*56/16*1 a prime number?
False
Let y = -1 - -10. Let z = 12 - y. Suppose -z*x - x = -284. Is x a prime number?
True
Is (-19800852)/(-306) - (-1)/3 prime?
True
Suppose 0 = 3*n + 3816 - 333. Let f = 1013 - n. Is f composite?
True
Let c = -1839 + 3992. Is c a prime number?
True
Let o be 3 - (-2 + 4 - 1). Suppose 5*n - 993 = o*n. Is n prime?
True
Let l(f) = -4*f**3 - 6*f**2 - 5*f + 4. Let t be l(-9). Suppose -3*m = i + 3*i - t, 0 = -i + 4. Is m composite?
False
Suppose 4*k - 5724 = -0*k. Suppose f = -2*c + 6*f + k, 2*f = c - 715. Is c prime?
False
Suppose 8 = 10*h - 2. Is h - 1682/(-8) - (-87)/(-348) a prime number?
True
Suppose 0 = -2*u - 109 - 333. Let z = 45 - -32. Let v = z - u. Is v a prime number?
False
Is 41062/20 - (-11)/(-110) a prime number?
True
Suppose 5 = 3*b - 13. Suppose -b = m - 85. Is m prime?
True
Let z = 35019 - 17312. Is z a prime number?
True
Is ((-4)/(-16) - (-41724)/16) + 1 a composite number?
False
Let w(u) = -34*u + 1. Let p be w(7). Let d be 112/21*(-354)/(-4). Let o = d + p. Is o prime?
False
Let c(v) = -v**2 + 4*v - 2. Let q be c(6). Let z be (2/(-1))/(q/77). Let j = 80 + z. Is j a composite number?
True
Let j(w) = -186*w - 13. Let a be j(-5). Suppose -x - 913 = -2*x + 3*h, 0 = -x + 5*h + a. Is x prime?
True
Suppose 0 = -9*v + 5*v + 2624. Suppose -3*q + v = 5*o - 134, 0 = -4*o - q + 632. Is o a composite number?
True
Let x(p) = 11*p**2 - p + 13. Let m be x(6). Suppose 4*b + m = 1815. Is b prime?
True
Is (3 + -1)*102447/18 a composite number?
False
Suppose 0 = -226*h + 216*h + 8770. Is h a prime number?
True
Suppose 4*x - 13697 = 5715. Is x prime?
False
Let t(y) = -y**3 - 4*y**2 + 5. Let j be t(-4). Let i be ((-4)/j)/(4/(-30)). Suppose -i*o + 725 = -o. Is o prime?
False
Let y be 805 - (1 - (-1 - 0)). Suppose 0 = 4*o - 3*f - 1082, 3*o + f + f - y = 0. Is o composite?
False
Let n(a) = -a**3 - 3*a**2 - 3*a - 3. Let s be n(-3). Suppose 7*x - s*x = 651